{"id":2409,"date":"2020-06-18T12:31:23","date_gmt":"2020-06-18T10:31:23","guid":{"rendered":"http:\/\/banke.home.at\/wordpress\/?page_id=2409"},"modified":"2020-06-29T17:10:21","modified_gmt":"2020-06-29T15:10:21","slug":"saeulkopf-3209m-osttirol","status":"publish","type":"page","link":"https:\/\/banke.home.at\/wordpress\/saeulkopf-3209m-osttirol\/","title":{"rendered":"S\u00e4ulkopf (3209m, Osttirol)"},"content":{"rendered":"<p>Im Jahr 1973 errichtete die Kolpingsfamilie Wien-Favoriten ein Gipfelkreuz auf dem S\u00e4ulkopf (<a href=\"https:\/\/www.yumpu.com\/de\/document\/read\/10615397\/ausgabe-4-kolpinghaus-innsbruck\">Inn&#8217;s Kolping Ausgabe 4<\/a>, Seite 10) in der Venedigergruppe. Zum 30-j\u00e4hrigen Jubil\u00e4um unternahmen wir eine eine &#8222;Jubil\u00e4umsbesteigung&#8220;. Magdas und meine erste und bisher einzige Tour auf einen 3000er. Bei str\u00f6mendem Regen gingen wir zur Niljochh\u00fctte auf 1975m H\u00f6he, wo ich mit einem Teil der Gruppe \u00fcbernachtete. Der Rest ging trotz des schlechten Wetters weiter zur Bonn-Matreier-H\u00fctte auf 2745m.<br \/>\nAm n\u00e4chsten Tag, noch vor Sonnenaufgang, gings weiter. Um 10 Uhr fand am Gipfel eine Bergmesse statt, zu der unsere Gruppe nat\u00fcrlich zu sp\u00e4t kam. Noch am selben Tag stiegen wir ab und traten die Heimfahrt an.<\/p>\n<p>Nun m\u00f6chte ich diese Tour nochmals machen, weils so sch\u00f6n war \ud83d\ude09<\/p>\n<p><span class=\"code\"> \n\t\t<div id=\"wpgpxmaps_2409_4819660\" class=\"wpgpxmaps\">\n\t\t\t<div id=\"map_2409_4819660_cont\" style=\"width:100%; height:450px;position:relative\" >\n\t\t\t\t<div id=\"map_2409_4819660\" style=\"width:100%; height:450px\"><\/div>\n\t\t\t\t<div id=\"wpgpxmaps_2409_4819660_osm_footer\" class=\"wpgpxmaps_osm_footer\" style=\"display:none;\"><span> &copy; <a href=\"http:\/\/www.openstreetmap.org\/copyright\">OpenStreetMap<\/a> contributors<\/span><\/div>\n\t\t\t<\/div>\n\t\t\t<canvas id=\"myChart_2409_4819660\" class=\"plot\" style=\"width:100%; height:200px\"><\/canvas>\n\t\t\t<div id=\"ngimages_2409_4819660\" class=\"ngimages\" style=\"display:none\"><\/div>\n\t\t\t<div id=\"report_2409_4819660\" class=\"report\"><\/div>\n\t\t<\/div>\n\t\t\n\t\t<script type=\"text\/javascript\">\n\n\t\t\tjQuery(document).ready(function() {\n\n\t\t\t\tjQuery( \"#wpgpxmaps_2409_4819660\" ).wpgpxmaps( {\n\t\t\t\t\ttargetId           : \"2409_4819660\",\n\t\t\t\t\tmapType            : \"HYBRID\",\n\t\t\t\t\tmapData            : [[47.0116190,12.4476700],[47.0116650,12.4478420],[47.0115730,12.4478890],[47.0114550,12.4478770],[47.0114400,12.4476300],[47.0112830,12.4471050],[47.0109630,12.4465450],[47.0108180,12.4457600],[47.0110430,12.4451720],[47.0109670,12.4450270],[47.0109970,12.4445110],[47.0109740,12.4443420],[47.0109210,12.4441430],[47.0108480,12.4439640],[47.0108220,12.4438350],[47.0108370,12.4436320],[47.0109590,12.4428780],[47.0109670,12.4426270],[47.0109320,12.4421160],[47.0108560,12.4414130],[47.0108600,12.4410400],[47.0107230,12.4396820],[47.0107230,12.4393970],[47.0106580,12.4390380],[47.0106580,12.4388160],[47.0106920,12.4385270],[47.0106920,12.4379250],[47.0107910,12.4375610],[47.0108980,12.4372550],[47.0110540,12.4369360],[47.0111040,12.4367080],[47.0112950,12.4361940],[47.0113900,12.4356930],[47.0114210,12.4353440],[47.0114210,12.4351900],[47.0112760,12.4352070],[47.0110930,12.4352270],[47.0111310,12.4349140],[47.0110160,12.4347440],[47.0109710,12.4346110],[47.0109780,12.4341800],[47.0110050,12.4338970],[47.0109740,12.4337090],[47.0110770,12.4331290],[47.0111040,12.4326580],[47.0111500,12.4324070],[47.0112600,12.4323200],[47.0114590,12.4319440],[47.0116650,12.4314690],[47.0118820,12.4312660],[47.0120690,12.4312000],[47.0120770,12.4310770],[47.0122070,12.4311470],[47.0122830,12.4310360],[47.0122600,12.4308300],[47.0121870,12.4306650],[47.0120540,12.4304510],[47.0120690,12.4302970],[47.0122330,12.4302240],[47.0122600,12.4300880],[47.0123710,12.4297200],[47.0123400,12.4293590],[47.0125730,12.4293240],[47.0128470,12.4293660],[47.0132210,12.4294000],[47.0134040,12.4293670],[47.0136410,12.4292630],[47.0138510,12.4292030],[47.0140870,12.4291650],[47.0142090,12.4291240],[47.0143240,12.4290200],[47.0144420,12.4288620],[47.0146290,12.4286860],[47.0148540,12.4285440],[47.0150370,12.4283430],[47.0152580,12.4282030],[47.0153960,12.4280880],[47.0155180,12.4279540],[47.0156210,12.4277620],[47.0159910,12.4275380],[47.0161280,12.4273890],[47.0162040,12.4271860],[47.0163420,12.4271190],[47.0163340,12.4268910],[47.0164640,12.4268300],[47.0167270,12.4269520],[47.0168190,12.4269620],[47.0167540,12.4267590],[47.0167000,12.4263910],[47.0168110,12.4264380],[47.0168300,12.4263370],[47.0170360,12.4264260],[47.0170210,12.4262230],[47.0170130,12.4260810],[47.0170280,12.4258490],[47.0171430,12.4259300],[47.0173300,12.4258590],[47.0174480,12.4258140],[47.0175510,12.4256260],[47.0178600,12.4255800],[47.0188140,12.4247120],[47.0193740,12.4246320],[47.0196110,12.4244650],[47.0196990,12.4243080],[47.0194430,12.4243120],[47.0192330,12.4241350],[47.0190960,12.4240380],[47.0190920,12.4238970],[47.0191910,12.4237760],[47.0194090,12.4237320],[47.0194090,12.4235910],[47.0195190,12.4236150],[47.0195190,12.4234780],[47.0197290,12.4235590],[47.0198090,12.4234940],[47.0199470,12.4234180],[47.0199920,12.4233190],[47.0200150,12.4232080],[47.0200230,12.4229360],[47.0201370,12.4229400],[47.0201870,12.4228050],[47.0201980,12.4226740],[47.0203320,12.4225470],[47.0203780,12.4224340],[47.0204730,12.4223680],[47.0205420,12.4222620],[47.0205720,12.4220650],[47.0204770,12.4220340],[47.0203890,12.4219910],[47.0204310,12.4218760],[47.0202440,12.4217770],[47.0202100,12.4216480],[47.0202100,12.4215060],[47.0202780,12.4214270],[47.0204040,12.4214460],[47.0204770,12.4213260],[47.0203897,12.4212777],[47.0204770,12.4213260],[47.0207290,12.4208300],[47.0209310,12.4205480],[47.0210300,12.4205200],[47.0211330,12.4205520],[47.0215530,12.4208860],[47.0216210,12.4209690],[47.0216480,12.4212570],[47.0217740,12.4214030],[47.0220680,12.4213860],[47.0222430,12.4214090],[47.0223460,12.4214640],[47.0225860,12.4214900],[47.0228340,12.4215580],[47.0231010,12.4216340],[47.0233420,12.4217300],[47.0236240,12.4218760],[47.0243140,12.4221260],[47.0244330,12.4221400],[47.0245660,12.4221130],[47.0251000,12.4217720],[47.0252720,12.4216950],[47.0253750,12.4216870],[47.0254820,12.4217050],[47.0257640,12.4216250],[47.0258750,12.4216220],[47.0261950,12.4217080],[47.0264430,12.4217080],[47.0269240,12.4216030],[47.0273930,12.4213760],[47.0275680,12.4212430],[47.0276870,12.4212170],[47.0279730,12.4211950],[47.0280830,12.4211680],[47.0282700,12.4210700],[47.0285330,12.4208680],[47.0289190,12.4207080],[47.0292850,12.4204540],[47.0294490,12.4203730],[47.0296360,12.4204540],[47.0299910,12.4204540],[47.0300170,12.4203380],[47.0298760,12.4201530],[47.0298840,12.4199710],[47.0302500,12.4201300],[47.0303870,12.4201440],[47.0305740,12.4200900],[47.0307380,12.4200050],[47.0308760,12.4199630],[47.0310360,12.4199930],[47.0312950,12.4200150],[47.0313490,12.4201570],[47.0316080,12.4203420],[47.0317950,12.4202120],[47.0318410,12.4200680],[47.0316840,12.4197540],[47.0316420,12.4196150],[47.0315390,12.4194460],[47.0312880,12.4191890],[47.0311350,12.4190890],[47.0307460,12.4190700],[47.0308030,12.4189910],[47.0310660,12.4188800],[47.0312760,12.4188340],[47.0314940,12.4188650],[47.0316610,12.4188670],[47.0317950,12.4187770],[47.0318900,12.4186500],[47.0320540,12.4186180],[47.0322410,12.4186830],[47.0323560,12.4189310],[47.0326080,12.4190040],[47.0328860,12.4191240],[47.0335230,12.4190720],[47.0337180,12.4189700],[47.0339350,12.4190310],[47.0340840,12.4189230],[47.0341680,12.4188420],[47.0345000,12.4188280],[47.0345680,12.4186430],[47.0351980,12.4182720],[47.0354340,12.4180620],[47.0357620,12.4180940],[47.0358770,12.4179650],[47.0361820,12.4178990],[47.0361700,12.4176950],[47.0355330,12.4169350],[47.0355750,12.4168220],[47.0354690,12.4167320],[47.0355750,12.4165780],[47.0353430,12.4165200],[47.0352470,12.4166090],[47.0350570,12.4162450],[47.0349380,12.4162050],[47.0349650,12.4160830],[47.0350760,12.4158590],[47.0355220,12.4155740],[47.0361280,12.4152670],[47.0366850,12.4154160],[47.0369870,12.4158640],[47.0375020,12.4162570],[47.0380470,12.4163380],[47.0382490,12.4165010],[47.0383600,12.4166780],[47.0385810,12.4166910],[47.0385890,12.4163780],[47.0386770,12.4163990],[47.0388330,12.4163120],[47.0390430,12.4164400],[47.0391270,12.4165420],[47.0391990,12.4166740],[47.0392260,12.4172070],[47.0393480,12.4172630],[47.0394240,12.4171350],[47.0395080,12.4170420],[47.0396760,12.4170210],[47.0397790,12.4171070],[47.0399360,12.4172840],[47.0400770,12.4176340],[47.0401910,12.4180020],[47.0402030,12.4182360],[47.0402750,12.4184960],[47.0400540,12.4190590],[47.0400270,12.4193190],[47.0399810,12.4194400],[47.0398900,12.4198130],[47.0397720,12.4202590],[47.0396420,12.4205020],[47.0396230,12.4206340],[47.0395460,12.4208620],[47.0396570,12.4208080],[47.0396950,12.4209140],[47.0395620,12.4213400],[47.0396110,12.4215530],[47.0396530,12.4217480],[47.0397830,12.4219270],[47.0399430,12.4222450],[47.0400650,12.4222290],[47.0401300,12.4225420],[47.0399780,12.4232030],[47.0398750,12.4232540],[47.0398020,12.4234720],[47.0390160,12.4245340],[47.0390200,12.4247150],[47.0391120,12.4248190],[47.0391800,12.4251770],[47.0392680,12.4252090],[47.0394170,12.4253910],[47.0395430,12.4258720],[47.0395240,12.4260950],[47.0394090,12.4263700],[47.0390930,12.4265840],[47.0388940,12.4266710],[47.0387950,12.4266340],[47.0387030,12.4267040],[47.0388640,12.4267940],[47.0385280,12.4268070],[47.0385970,12.4269820],[47.0385780,12.4271940],[47.0385970,12.4273680],[47.0386810,12.4275510],[47.0387760,12.4274590],[47.0388370,12.4275770],[47.0388480,12.4277010],[47.0391340,12.4276320],[47.0390451,12.4275112],[47.0390710,12.4276570],[47.0398000,12.4278980],[47.0405520,12.4277920],[47.0409450,12.4277830],[47.0411880,12.4278300],[47.0416460,12.4278520],[47.0418880,12.4277040],[47.0419910,12.4277190],[47.0422530,12.4276270],[47.0428220,12.4272640],[47.0434210,12.4272000],[47.0440940,12.4271030],[47.0444250,12.4264270],[47.0447590,12.4258480],[47.0452580,12.4254610],[47.0454340,12.4247530],[47.0459140,12.4242710],[47.0463530,12.4240880],[47.0470260,12.4238310],[47.0473080,12.4234680],[47.0477930,12.4220500],[47.0480820,12.4210380],[47.0484435,12.4201083]],\n\t\t\t\t\tgraphDist          : [0.00,0.01,0.03,0.04,0.06,0.10,0.16,0.22,0.27,0.29,0.33,0.34,0.36,0.37,0.38,0.40,0.46,0.48,0.52,0.57,0.60,0.70,0.73,0.75,0.77,0.79,0.84,0.87,0.90,0.93,0.95,0.99,1.03,1.06,1.07,1.09,1.11,1.14,1.16,1.17,1.21,1.23,1.24,1.29,1.33,1.35,1.37,1.40,1.45,1.48,1.50,1.51,1.53,1.54,1.56,1.57,1.60,1.61,1.63,1.64,1.68,1.71,1.73,1.76,1.80,1.83,1.85,1.88,1.90,1.92,1.93,1.95,1.98,2.01,2.03,2.06,2.08,2.10,2.12,2.16,2.18,2.20,2.22,2.24,2.26,2.29,2.30,2.32,2.35,2.36,2.38,2.40,2.43,2.44,2.46,2.47,2.50,2.51,2.53,2.57,2.70,2.76,2.79,2.81,2.84,2.87,2.89,2.90,2.91,2.94,2.95,2.97,2.98,3.01,3.02,3.04,3.05,3.06,3.08,3.10,3.11,3.12,3.14,3.15,3.16,3.18,3.19,3.20,3.21,3.23,3.25,3.26,3.27,3.28,3.29,3.31,3.32,3.33,3.38,3.41,3.42,3.43,3.49,3.50,3.52,3.54,3.57,3.59,3.61,3.63,3.66,3.69,3.72,3.75,3.83,3.85,3.86,3.93,3.95,3.96,3.97,4.01,4.02,4.05,4.08,4.14,4.19,4.22,4.23,4.26,4.27,4.30,4.33,4.38,4.42,4.44,4.46,4.50,4.51,4.54,4.55,4.59,4.61,4.63,4.65,4.67,4.69,4.72,4.73,4.76,4.79,4.80,4.83,4.84,4.86,4.89,4.91,4.95,4.97,5.00,5.02,5.05,5.07,5.09,5.10,5.12,5.14,5.16,5.19,5.23,5.30,5.32,5.35,5.37,5.38,5.42,5.44,5.52,5.55,5.59,5.60,5.64,5.66,5.75,5.76,5.77,5.79,5.82,5.83,5.87,5.88,5.89,5.91,5.97,6.05,6.11,6.16,6.22,6.29,6.31,6.33,6.36,6.39,6.40,6.43,6.45,6.46,6.48,6.52,6.53,6.55,6.56,6.58,6.59,6.61,6.65,6.68,6.69,6.72,6.77,6.79,6.80,6.83,6.87,6.89,6.90,6.92,6.93,6.95,6.99,7.00,7.02,7.04,7.07,7.09,7.12,7.17,7.18,7.20,7.32,7.34,7.35,7.38,7.39,7.42,7.46,7.47,7.50,7.54,7.56,7.57,7.58,7.60,7.64,7.66,7.68,7.70,7.71,7.73,7.74,7.75,7.79,7.80,7.81,7.90,7.98,8.03,8.06,8.11,8.14,8.15,8.18,8.25,8.31,8.39,8.46,8.51,8.58,8.64,8.71,8.77,8.86,8.91,9.06,9.18,9.27],\n\t\t\t\t\tgraphEle           : [1423.00,1423.00,1419.00,1415.00,1417.00,1421.00,1415.00,1408.00,1417.00,1411.00,1417.00,1416.00,1414.00,1408.00,1407.00,1407.00,1413.00,1412.00,1409.00,1405.00,1406.00,1399.00,1399.00,1394.00,1391.00,1388.00,1383.00,1383.00,1389.00,1400.00,1403.00,1416.00,1422.00,1427.00,1429.00,1424.00,1417.00,1425.00,1427.00,1430.00,1445.00,1454.00,1459.00,1478.00,1491.00,1498.00,1499.00,1510.00,1525.00,1534.00,1538.00,1542.00,1542.00,1547.00,1553.00,1557.00,1561.00,1566.00,1571.00,1575.00,1588.00,1599.00,1604.00,1606.00,1608.00,1611.00,1615.00,1618.00,1620.00,1621.00,1626.00,1632.00,1640.00,1647.00,1655.00,1662.00,1667.00,1672.00,1680.00,1691.00,1698.00,1707.00,1711.00,1720.00,1723.00,1721.00,1722.00,1729.00,1742.00,1742.00,1746.00,1747.00,1755.00,1760.00,1770.00,1769.00,1777.00,1782.00,1793.00,1796.00,1840.00,1840.00,1848.00,1856.00,1856.00,1866.00,1871.00,1878.00,1882.00,1884.00,1891.00,1890.00,1897.00,1893.00,1896.00,1900.00,1905.00,1910.00,1921.00,1921.00,1927.00,1933.00,1939.00,1943.00,1944.00,1947.00,1952.00,1953.00,1953.00,1956.00,1958.00,1961.00,1958.00,1957.00,1959.00,1959.00,1957.00,1959.00,1963.00,1966.00,1970.00,1976.00,1994.00,1996.00,1992.00,1993.00,2001.00,2006.00,2007.00,2012.00,2015.00,2018.00,2020.00,2024.00,2040.00,2043.00,2047.00,2062.00,2065.00,2068.00,2070.00,2077.00,2079.00,2084.00,2088.00,2095.00,2105.00,2110.00,2112.00,2117.00,2119.00,2124.00,2131.00,2138.00,2149.00,2155.00,2157.00,2166.00,2170.00,2171.00,2177.00,2181.00,2184.00,2190.00,2195.00,2200.00,2202.00,2207.00,2205.00,2208.00,2215.00,2218.00,2222.00,2225.00,2229.00,2234.00,2236.00,2232.00,2235.00,2241.00,2243.00,2244.00,2245.00,2249.00,2253.00,2256.00,2258.00,2254.00,2257.00,2261.00,2277.00,2284.00,2286.00,2293.00,2297.00,2305.00,2312.00,2333.00,2344.00,2345.00,2351.00,2364.00,2369.00,2384.00,2388.00,2391.00,2397.00,2400.00,2397.00,2410.00,2411.00,2415.00,2423.00,2441.00,2467.00,2476.00,2465.00,2473.00,2491.00,2494.00,2493.00,2501.00,2511.00,2513.00,2521.00,2525.00,2525.00,2523.00,2520.00,2522.00,2526.00,2529.00,2533.00,2535.00,2536.00,2535.00,2537.00,2537.00,2540.00,2542.00,2546.00,2547.00,2553.00,2561.00,2564.00,2567.00,2570.00,2574.00,2578.00,2579.00,2584.00,2589.00,2597.00,2608.00,2613.00,2620.00,2626.00,2625.00,2628.00,2643.00,2650.00,2657.00,2668.00,2671.00,2677.00,2684.00,2687.00,2688.00,2681.00,2681.00,2680.00,2682.00,2687.00,2686.00,2695.00,2704.00,2713.00,2720.00,2719.00,2723.00,2723.00,2728.00,2726.00,2727.00,2744.00,2762.00,2771.00,2774.00,2781.00,2783.00,2782.00,2781.00,2774.00,2777.00,2798.00,2801.00,2803.00,2825.00,2838.00,2873.00,2900.00,2943.00,2969.00,3068.00,3153.00,3175.00],\n\t\t\t\t\tgraphSpeed         : [],\n\t\t\t\t\tgraphHr            : [],\n\t\t\t\t\tgraphAtemp         : [],\n\t\t\t\t\tgraphCad           : [],\n\t\t\t\t\tgraphGrade         : [],\n\t\t\t\t\twaypoints          : [],\n\t\t\t\t\tunit               : \"2\",\n\t\t\t\t\tunitspeed          : \"0\",\n\t\t\t\t\tcolor1             : [\"#3366cc\"],\n\t\t\t\t\tcolor2             : \"#3366cc\",\n\t\t\t\t\tcolor3             : \"#ff0000\",\n\t\t\t\t\tcolor4             : \"#ff77bd\",\n\t\t\t\t\tcolor5             : \"#beecff\",\n\t\t\t\t\tcolor6             : \"#beecff\",\n\t\t\t\t\tcolor7             : \"#ff77bd\",\n\t\t\t\t\tchartFrom1         : \"\",\n\t\t\t\t\tchartTo1           : \"\",\n\t\t\t\t\tchartFrom2         : \"\",\n\t\t\t\t\tchartTo2           : \"\",\n\t\t\t\t\tstartIcon          : \"\",\n\t\t\t\t\tendIcon            : \"\",\n\t\t\t\t\tcurrentIcon        : \"\",\n\t\t\t\t\twaypointIcon       : \"\",\n\t\t\t\t\tcurrentpositioncon : \"\",\n\t\t\t\t\tusegpsposition     : \"\",\n\t\t\t\t\tzoomOnScrollWheel  : \"\",\n\t\t\t\t\tngGalleries        : [],\n\t\t\t\t\tngImages           : [],\n\t\t\t\t\tpluginUrl          : \"https:\/\/banke.home.at\/wordpress\/wp-content\/plugins\",\n\t\t\t\t\tTFApiKey           : \"7c352c8ff1244dd8b732e349e0b0fe8d\",\n\t\t\t\t\tlangs              : {\n\t\t\t\t\t\taltitude        : \"H\u00f6he\",\n\t\t\t\t\t\tcurrentPosition : \"Aktuelle Position\",\n\t\t\t\t\t\tspeed           : \"Geschwindigkeit\",\n\t\t\t\t\t\tgrade           : \"Steigung\",\n\t\t\t\t\t\theartRate       : \"Herzfrequenz\",\n\t\t\t\t\t\tatemp           : \"Temperatur\",\n\t\t\t\t\t\tcadence         : \"Trittfrequenz\",\n\t\t\t\t\t\tgoFullScreen    : \"Vollbildansicht\",\n\t\t\t\t\t\texitFullFcreen  : \"Vollbild verlassen\",\n\t\t\t\t\t\thideImages      : \"Bilder verbergen\",\n\t\t\t\t\t\tshowImages      : \"Bilder zeigen\",\n\t\t\t\t\t\tbackToCenter\t: \"Zur\u00fcck zur Mitte\"\n\t\t\t\t\t}\n\t\t\t\t});\n\n\t\t\t});\n\n\t\t<\/script><div id='wpgpxmaps_summary_2409_4819660' class='wpgpxmaps_summary'><span class='totlen'><span class='summarylabel'>Gesamtstrecke:<\/span><span class='summaryvalue'> 9.27 km<\/span><\/span><br \/><span class='totaleleup'><span class='summarylabel'>Gesamtanstieg:<\/span><span class='summaryvalue'> 1922 m<\/span><\/span><br \/><span class='totaleledown'><span class='summarylabel'>Gesamtabstieg:<\/span><span class='summaryvalue'> -170 m<\/span><\/span><br \/><\/div>Download file: <a href='https:\/\/banke.home.at\/wordpress\/wp-content\/uploads\/gpx\/wandern_1100\/Marin-Nilljochhuette-Bonn-Matreier-Huette-Saeulkopf_60235_gpx_track.gpx' target='_new' download>Marin-Nilljochhuette-Bonn-Matreier-Huette-Saeulkopf_60235_gpx_track.gpx<\/a><\/span><\/p>\n<p>Auch wenns als Tagestour machbar ist, Peter M. Fai\u00dft beschreibt das Teilst\u00fcck bis zur Bonn-Matreier-H\u00fctte als<a href=\"https:\/\/www.hinterbichl.at\/touren\/mittel\/kleinesnilltal\/\"> herzhafte Tagestour<\/a> sollten wir uns <em>einmal<\/em> ein Matratzenlager *g\u00f6nnen*.<\/p>\n<h3>Schwierigkeitsgrad<\/h3>\n<p>Parkplatz Bodenalm &#8211; Bonn-Matreier H\u00fctte: T2, 2,5h<br \/>\nBonn-Matreier H\u00fctte &#8211; S\u00e4ulkopf: T4\/L, 1h<\/p>\n<h3>Literatur<\/h3>\n<p>Besteigung ab <a href=\"https:\/\/www.deine-berge.de\/Touren\/Hochalpin\/60235\/Marin-Nilljochhuette-Bonn-Matreier-Huette-Saeulkopf.html\">Marin \u00fcber Nilljochhuette und Bonn-Matreier-Huette<\/a><br \/>\nletztes Teilst\u00fcck von der <a href=\"https:\/\/www.alpenvereinaktiv.com\/de\/tour\/von-der-bonn-matreier-huette-auf-den-saeulkopf-3.209-m-\/23599206\/\">Bonn-Matreier-H\u00fctte auf den Gipfel<\/a><br \/>\nEine detaillierte Beschreibung gibt es von <a href=\"http:\/\/www.christianengl.de\/Sailkopf.pdf\">Christian Engl<\/a><br \/>\n<a href=\"https:\/\/www.theresareindl.at\/news\/artikel\/saeulkopf_3209m_und_rauhkopf_3070m\/\">S\u00e4ulkopf 3209m und Rauhkopf 3070m<\/a><\/p>\n<h3>Anfahrt<\/h3>\n<p>Da die Anfahrt von Wien weg etwas mehr als 5 Stunden dauert, empfiehlt esm sich am Vortag anzureisen und in der N\u00e4he von &#8230; zu \u00fcbernachten.<\/p>\n<h3>\u00dcbernachtungsm\u00f6glichkeiten im Tal<\/h3>\n<p><a href=\"https:\/\/www.alpenhof-virgen.at\/\">Fr\u00fchst\u00fcckspension Alpenhof<\/a>, Obermauern 90, 9972 Virgen<br \/>\n<a href=\"https:\/\/www.ortnerhof.at\/\">Hotel Ortnerhof<\/a> &#8211; Reiter, Bobojach 4, 9974 Pr\u00e4graten am Gro\u00dfvenediger<br \/>\nweitere <a href=\"https:\/\/www.bergfex.at\/sommer\/hohe-tauern-osttirol\/unterkuenfte\/\">Unterk\u00fcnfte<\/a><\/p>\n","protected":false},"excerpt":{"rendered":"<p>Im Jahr 1973 errichtete die Kolpingsfamilie Wien-Favoriten ein Gipfelkreuz auf dem S\u00e4ulkopf (Inn&#8217;s Kolping Ausgabe 4, Seite 10) in der Venedigergruppe. Zum 30-j\u00e4hrigen Jubil\u00e4um unternahmen wir eine eine &#8222;Jubil\u00e4umsbesteigung&#8220;. Magdas und meine erste und bisher einzige Tour auf einen 3000er. Bei str\u00f6mendem Regen gingen wir zur Niljochh\u00fctte auf 1975m H\u00f6he, wo ich mit einem Teil &hellip; <\/p>\n<p class=\"link-more\"><a href=\"https:\/\/banke.home.at\/wordpress\/saeulkopf-3209m-osttirol\/\" class=\"more-link\"><span class=\"screen-reader-text\">\u201eS\u00e4ulkopf (3209m, Osttirol)\u201c <\/span>weiterlesen<\/a><\/p>\n","protected":false},"author":5,"featured_media":0,"parent":0,"menu_order":0,"comment_status":"closed","ping_status":"open","template":"","meta":{"footnotes":""},"tags":[],"class_list":["post-2409","page","type-page","status-publish","hentry"],"_links":{"self":[{"href":"https:\/\/banke.home.at\/wordpress\/wp-json\/wp\/v2\/pages\/2409","targetHints":{"allow":["GET"]}}],"collection":[{"href":"https:\/\/banke.home.at\/wordpress\/wp-json\/wp\/v2\/pages"}],"about":[{"href":"https:\/\/banke.home.at\/wordpress\/wp-json\/wp\/v2\/types\/page"}],"author":[{"embeddable":true,"href":"https:\/\/banke.home.at\/wordpress\/wp-json\/wp\/v2\/users\/5"}],"replies":[{"embeddable":true,"href":"https:\/\/banke.home.at\/wordpress\/wp-json\/wp\/v2\/comments?post=2409"}],"version-history":[{"count":0,"href":"https:\/\/banke.home.at\/wordpress\/wp-json\/wp\/v2\/pages\/2409\/revisions"}],"wp:attachment":[{"href":"https:\/\/banke.home.at\/wordpress\/wp-json\/wp\/v2\/media?parent=2409"}],"wp:term":[{"taxonomy":"post_tag","embeddable":true,"href":"https:\/\/banke.home.at\/wordpress\/wp-json\/wp\/v2\/tags?post=2409"}],"curies":[{"name":"wp","href":"https:\/\/api.w.org\/{rel}","templated":true}]}}