{"id":2416,"date":"2020-06-20T20:26:03","date_gmt":"2020-06-20T18:26:03","guid":{"rendered":"http:\/\/banke.home.at\/wordpress\/?page_id=2416"},"modified":"2025-10-23T16:53:32","modified_gmt":"2025-10-23T14:53:32","slug":"allerlei","status":"publish","type":"page","link":"https:\/\/banke.home.at\/wordpress\/allerlei\/","title":{"rendered":"Allerlei"},"content":{"rendered":"<p>Neben der Ausr\u00fcstung geh\u00f6rt die Planung einer Wanderung zu den wichtigsten Dingen. Was fr\u00fcher auf Papier gebracht (Wanderkarte und Wanderf\u00fchrer) eine wertvolle Hilfe war, wird heute meist durchs Internet und Navigationsger\u00e4te ersetzt. Wirklicher Ersatz ist es nicht, aber durchaus eine n\u00fctzliche Erg\u00e4nzung.<\/p>\r\n<h3><strong>Gehzeit<\/strong><\/h3>\r\n<p><img decoding=\"async\" style=\"float: left; width: 110px; height: 110px; padding: 10px;\" src=\"https:\/\/upload.wikimedia.org\/wikipedia\/commons\/thumb\/9\/9d\/Chalbers%C3%A4ntis-Wegweiser.jpg\/1280px-Chalbers%C3%A4ntis-Wegweiser.jpg\" \/>So unglaublich es klingt, aber auch die Gehzeit f\u00fcr Wander- und Bergtouren ist in der deutschen Industrienorm (DIN) &#8222;genormt&#8220;.\u00a0 Nicht wirklich genormt, aber immerhin bietet die DIN 33466 &#8222;Wegweiser f\u00fcr Wanderwege&#8220; die Grundlagen, um auf Wegweisern plausible Gehzeiten f\u00fcr die Dauer einer Wanderung angeben zu k\u00f6nnen. Auf dieser Basis arbeitet auch unser\u00a0 <a href=\"https:\/\/banke.home.at\/wordpress\/gehzeitenrechner\/\">Wegzeitrechner.<\/a><\/p>\r\n<p>In der Schweiz ticken die Uhren anders. Laut <a href=\"https:\/\/de.wikipedia.org\/wiki\/Marschzeitberechnung\" target=\"_blank\" rel=\"noopener\">Wikipedia<\/a> <strong><img loading=\"lazy\" decoding=\"async\" class=\"size-full wp-image-329 alignnone\" src=\"http:\/\/banke.home.at\/wordpress\/wp-content\/uploads\/2020\/04\/Icon_External_Link.png\" alt=\"\" width=\"12\" height=\"12\" \/><\/strong> wird in den Ausbildungshandb\u00fcchern des &#8222;Schweizer Alpen-Clubs&#8220;\u00a0 mit 4 km Horizontaldistanz pro Stunde sowie mit 400 H\u00f6henmetern pro Stunde im Aufstieg gerechnet. Leistungen, die in der Schweiz von regelm\u00e4\u00dfigen (Berg-)Wanderern und Bergsteigern erwartet werden.<\/p>\r\n<p>Zeit in Stunden = (H\u00f6hendifferenz in m \/ 400) + (Horizontaldistanz in km \/ 4)<\/p>\r\n<h3><strong>Wanderweg planen<\/strong><\/h3>\r\n<p><img loading=\"lazy\" decoding=\"async\" class=\"ausrichtung-rechts wp-image-3575 size-thumbnail alignleft\" src=\"http:\/\/banke.home.at\/wordpress\/wp-content\/uploads\/2020\/08\/planung-150x150.jpg\" alt=\"Wanderung planen\" width=\"150\" height=\"150\" srcset=\"https:\/\/banke.home.at\/wordpress\/wp-content\/uploads\/2020\/08\/planung-150x150.jpg 150w, https:\/\/banke.home.at\/wordpress\/wp-content\/uploads\/2020\/08\/planung-100x100.jpg 100w\" sizes=\"auto, (max-width: 150px) 100vw, 150px\" \/>Der Weg, auf neudeutsch Track, sollte besonders gut vorbereitet werden. Besonders wenn die Zeit einmal knapp wird ist es nicht hilfreich auch noch lange \u00fcberlegen zu m\u00fcssen wo&#8217;s lang geht. Als Planungstool eignet sich <strong><a href=\"https:\/\/de.mapy.cz\/turisticka?planovani-trasy\" target=\"_blank\" rel=\"noopener\">mapy.cz<\/a><\/strong> <img loading=\"lazy\" decoding=\"async\" class=\"size-full wp-image-329 alignnone\" src=\"http:\/\/banke.home.at\/wordpress\/wp-content\/uploads\/2020\/04\/Icon_External_Link.png\" alt=\"\" width=\"12\" height=\"12\" \/> oder der <a href=\"https:\/\/www.gpswandern.de\/gorp\/gorp.shtml\"><strong>GPS Online Routen Planer<\/strong><\/a> <img loading=\"lazy\" decoding=\"async\" class=\"size-full wp-image-329 alignnone\" src=\"http:\/\/banke.home.at\/wordpress\/wp-content\/uploads\/2020\/04\/Icon_External_Link.png\" alt=\"\" width=\"12\" height=\"12\" \/>. Zur Visualisierung eines Tracks inklusive H\u00f6hen-, Geschwindigkeits-, Steigungsprofil ist J\u00fcrgen Berkemeiers <strong><a href=\"https:\/\/www.j-berkemeier.de\/ShowGPX.html\" target=\"_blank\" rel=\"noopener\">Show GPX<\/a><\/strong> <img loading=\"lazy\" decoding=\"async\" class=\"size-full wp-image-329 alignnone\" src=\"http:\/\/banke.home.at\/wordpress\/wp-content\/uploads\/2020\/04\/Icon_External_Link.png\" alt=\"\" width=\"12\" height=\"12\" \/> sehr gut geeignet.<\/p>\r\n<h3><strong>Panorama<\/strong><\/h3>\r\n<p><img loading=\"lazy\" decoding=\"async\" class=\"ausrichtung-links wp-image-5863  alignleft\" src=\"http:\/\/banke.home.at\/wordpress\/wp-content\/uploads\/2021\/04\/alpenpanorama.jpg\" alt=\"\" width=\"141\" height=\"105\" \/>Eine erstaunlich gute Sache.<br \/>Wer wissen m\u00f6chte was er bei guter Sicht zu sehen bekommt:<br \/><a href=\"https:\/\/www.udeuschle.de\/panoramas\/makepanoramas.htm\">Alpenpanoramen erzeugen (udeuschle.de)\u00a0 <img loading=\"lazy\" decoding=\"async\" class=\"size-full wp-image-329 alignnone\" src=\"http:\/\/banke.home.at\/wordpress\/wp-content\/uploads\/2020\/04\/Icon_External_Link.png\" alt=\"\" width=\"12\" height=\"12\" \/><\/a><\/p>\r\n<h3><strong>H\u00f6henprofil<\/strong><\/h3>\r\n<p>Auch das H\u00f6henprofil kann n\u00fctzlich sein. So ist es mir schon einmal passiert, dass ich auf einer 3-Gipfeltour feststellen musste, dass zwischen den letzten beiden eine Senke von 300hm lag, die ich zeitm\u00e4\u00dfig nicht einkalkuliert hatte. Ich musste so auf den letzten Gipfel verzichten um nicht in die Dunkelheit zu kommen. Daraus gelernt schaue ich mir jetzt auch das H\u00f6henprofil vor jeder Tour an.<\/p>\r\n<p><img loading=\"lazy\" decoding=\"async\" class=\"wp-image-11658 alignleft\" src=\"http:\/\/banke.home.at\/wordpress\/wp-content\/uploads\/2024\/08\/hl-2.jpg\" alt=\"\" width=\"140\" height=\"169\" \/>Sollte einmal ein Track ohne H\u00f6henangaben vorliegen, so kann neben dem bereits genannten Show GPX auch <strong><a href=\"https:\/\/activityworkshop.net\/software\/gpsprune\/\" target=\"_blank\" rel=\"noopener\">GpsPrune<\/a><\/strong> <img loading=\"lazy\" decoding=\"async\" class=\"size-full wp-image-329 alignnone\" src=\"http:\/\/banke.home.at\/wordpress\/wp-content\/uploads\/2020\/04\/Icon_External_Link.png\" alt=\"\" width=\"12\" height=\"12\" \/> und <a href=\"https:\/\/www.routeconverter.de\/\" target=\"_blank\" rel=\"noopener\"><strong>RouteConverter<\/strong><\/a> <img loading=\"lazy\" decoding=\"async\" class=\"size-full wp-image-329 alignnone\" src=\"http:\/\/banke.home.at\/wordpress\/wp-content\/uploads\/2020\/04\/Icon_External_Link.png\" alt=\"\" width=\"12\" height=\"12\" \/>H\u00f6hendaten anhand von SRTM Daten nachschlagen und den Track erg\u00e4nzen. Beide Programme m\u00fcssen nicht installiert werden, setzen jedoch die Installation einer Java Runtime Umgebung (JRE) voraus.<\/p>\r\n<h3><strong>H\u00fctten und Einkehrm\u00f6glichkeiten<\/strong><\/h3>\r\n<p>Leider werden die einst zahlreichen Schutzh\u00fctten immer weniger. Die noch verbliebenen dienen nicht immer nur dem Vergn\u00fcgen. Manchmal k\u00f6nne sie lebensrettend sein, daher ist es immer gut zu wissen, ob H\u00fctten oder Unterst\u00e4nde in erreichbarer N\u00e4he zum Wanderweg liegen. Und sie sollten auch genutzt werden, es sollen ja nicht noch weniger werden!\u00a0 Listen und Verzeichnisse gibt es viele, eine Auswahl m\u00f6chte ich hier vorstellen:<\/p>\r\n<p>Outdoor Active <a href=https:\/\/www.outdooractive.com\/de\/huts\/ target=\"newtab\">H\u00fctten&nbsp;  <img loading=\"lazy\" decoding=\"async\" src=\"http:\/\/banke.home.at\/wordpress\/wp-content\/uploads\/2020\/04\/Icon_External_Link.png\" alt=\"\" width=\"12\" height=\"12\" \/><\/a> <br \/><a href=https:\/\/www.bergwelten.com\/s?q=*&amp;f.sem_aggregate_type=sem_aggregate_type%3Ahuette target=\"newtab\">Bergwelten H\u00fctten&nbsp;  <img loading=\"lazy\" decoding=\"async\" src=\"http:\/\/banke.home.at\/wordpress\/wp-content\/uploads\/2020\/04\/Icon_External_Link.png\" alt=\"\" width=\"12\" height=\"12\" \/><\/a> <br \/><a href=http:\/\/www.tourenwelt.info\/huettenliste\/huettenliste.php target=\"newtab\">Jo's H\u00fcttenliste&nbsp;  <img loading=\"lazy\" decoding=\"async\" src=\"http:\/\/banke.home.at\/wordpress\/wp-content\/uploads\/2020\/04\/Icon_External_Link.png\" alt=\"\" width=\"12\" height=\"12\" \/><\/a> <\/p>\r\n<p>Alpenverein <a href=https:\/\/www.alpenverein.at\/huetten\/finder.php target=\"newtab\">H\u00fcttensuche&nbsp;  <img loading=\"lazy\" decoding=\"async\" src=\"http:\/\/banke.home.at\/wordpress\/wp-content\/uploads\/2020\/04\/Icon_External_Link.png\" alt=\"\" width=\"12\" height=\"12\" \/><\/a> <br \/>\u00d6TK <a href=http:\/\/schutz.haus\/ target=\"newtab\">Schutzh\u00fctten &amp; Aussichtswarten&nbsp;  <img loading=\"lazy\" decoding=\"async\" src=\"http:\/\/banke.home.at\/wordpress\/wp-content\/uploads\/2020\/04\/Icon_External_Link.png\" alt=\"\" width=\"12\" height=\"12\" \/><\/a> <br \/>Naturfreunde <a href=https:\/\/naturfreunde-huetten.at\/ target=\"newtab\">\u00d6sterreich H\u00fcttensuche&nbsp;  <img loading=\"lazy\" decoding=\"async\" src=\"http:\/\/banke.home.at\/wordpress\/wp-content\/uploads\/2020\/04\/Icon_External_Link.png\" alt=\"\" width=\"12\" height=\"12\" \/><\/a> <\/p>\r\n<h3><strong>Unterkunft<\/strong><\/h3>\r\n<p><img loading=\"lazy\" decoding=\"async\" class=\"ausrichtung-links wp-image-5864 alignleft\" style=\"float: left; padding: 1px;\" src=\"http:\/\/banke.home.at\/wordpress\/wp-content\/uploads\/2021\/04\/opencampingmap.jpg\" alt=\"\" width=\"153\" height=\"140\" \/>F\u00fcr jene, die gern ganz flexibel und mit Zelt, Wohnwagen oder Campingbus unterwegs sind, f\u00fcr die ist die <a href=\"https:\/\/opencampingmap.org\/#10\/47.9039\/16.3319\/1\/1\/fef\">Open Camping Map<\/a> <img loading=\"lazy\" decoding=\"async\" class=\"size-full wp-image-329 alignnone\" src=\"http:\/\/banke.home.at\/wordpress\/wp-content\/uploads\/2020\/04\/Icon_External_Link.png\" alt=\"\" width=\"12\" height=\"12\" \/> gedacht, die Hinweise auf Campingpl\u00e4tze, Wohnwagenstellpl\u00e4tze und andere Tipps f\u00fcr Camper bereit h\u00e4lt.<\/p>\r\n<h3><strong>GPS Werkzeuge<br \/><\/strong><\/h3>\r\n<p><img loading=\"lazy\" decoding=\"async\" class=\"alignleft wp-image-6698 size-full\" src=\"http:\/\/banke.home.at\/wordpress\/wp-content\/uploads\/2021\/08\/GPSVisualizer-e1629356725683.jpg\" alt=\"\" width=\"233\" height=\"37\" \/>Ein hilfreiches Tool zum o<em>nline Konvertieren<\/em> von Track- und Waypoint-Daten stellt der <a href=\"https:\/\/www.gpsvisualizer.com\/convert_input?\" target=\"_blank\" rel=\"noopener\">GPS Visualizer<\/a> <img loading=\"lazy\" decoding=\"async\" class=\"size-full wp-image-329 alignnone\" src=\"http:\/\/banke.home.at\/wordpress\/wp-content\/uploads\/2020\/04\/Icon_External_Link.png\" alt=\"\" width=\"12\" height=\"12\" \/> dar. Speziell *.trk Dateien wie sie ApeMap erzeugt, lassen sich nach einfacher <em>Vorbehandlung<\/em> in brauchbare GPX Daten verwandeln und zugleich mit H\u00f6hendaten erg\u00e4nzen. Auch der <a href=https:\/\/www.routeconverter.com\/ target=\"newtab\">RouteConverter&nbsp;  <img loading=\"lazy\" decoding=\"async\" src=\"http:\/\/banke.home.at\/wordpress\/wp-content\/uploads\/2020\/04\/Icon_External_Link.png\" alt=\"\" width=\"12\" height=\"12\" \/><\/a> \u00a0 kann gut mit allerlei Formaten umgehen.<br \/>Googles KML\/KMZ Dateien k\u00f6nnen online auf der Seite <a href=\"https:\/\/mygeodata.cloud\/converter\/kmz-to-gpx\" target=\"_blank\" rel=\"noopener\">KMZ to GPX Converter<\/a> <img loading=\"lazy\" decoding=\"async\" class=\"size-full wp-image-329 alignnone\" src=\"http:\/\/banke.home.at\/wordpress\/wp-content\/uploads\/2020\/04\/Icon_External_Link.png\" alt=\"\" width=\"12\" height=\"12\" \/> umgewandelt werden.<br \/>Sehr praktisch zum Aufbereiten von GPX tracks ist das <a href=\"https:\/\/gpx.studio\/l\/de\/\" target=\"_blank\" rel=\"noopener\">GPX-Studio <img loading=\"lazy\" decoding=\"async\" class=\"size-full wp-image-329 alignnone\" src=\"http:\/\/banke.home.at\/wordpress\/wp-content\/uploads\/2020\/04\/Icon_External_Link.png\" alt=\"\" width=\"12\" height=\"12\" \/>.<\/a><br \/>F\u00fcr Garmin Benutzer, die CustomMaps verwenden kann der KML Karten Viewer auf <a href=https:\/\/kmlviewer.nsspot.net\/ target=\"newtab\">nsspot.net&nbsp;  <img loading=\"lazy\" decoding=\"async\" src=\"http:\/\/banke.home.at\/wordpress\/wp-content\/uploads\/2020\/04\/Icon_External_Link.png\" alt=\"\" width=\"12\" height=\"12\" \/><\/a> \u00a0 n\u00fctzlich sein.<\/p>\r\n\r\n<h3 class=\"wp-block-heading\"><strong>Schwierigkeitsgrade<\/strong><\/h3>\r\n\r\n\r\n\r\n<div class=\"wp-block-image image-border wp-duotone-c7005a-fff278-1\">\r\n<figure class=\"alignleft size-full is-resized\"><img loading=\"lazy\" decoding=\"async\" class=\"wp-image-6724\" src=\"http:\/\/banke.home.at\/wordpress\/wp-content\/uploads\/2021\/09\/sac-t-skala.jpg\" alt=\"SAC-T-Skala\" width=\"78\" height=\"95\" \/><\/figure>\r\n<\/div>\r\n\r\n\r\n\r\n<p>Manchmal sind die Wanderungen und Touren mit einem Schwierigkeitsgrad gekennzeichnet. Der Schweizer Alpen-Club (SAC) hat eine Skala f\u00fcr Berg-Wanderungen herausgegeben, die in drei Gruppen eingeteilt ist und der groben Orientierung gilt. Dabei steht der Buchstabe T f\u00fcr Trekking, die Zahl gibt die Schwierigkeiten von 1 (leicht) bis 6 (\u00e4u\u00dferst schwierig) an.<\/p>\r\n\r\n\r\n\r\n<p>Eine \u00dcbersicht bietet die Seite <a href=\"https:\/\/www.alpine-bergtouren.de\/skala-bergtouren.php\">&#8222;Bergtouren und Wanderungen Schwierigkeitsskala&#8220;<\/a>, ausf\u00fchrlicher beschrieben auf Wikipedia &#8211; <a href=\"https:\/\/de.wikipedia.org\/wiki\/SAC-Wanderskala\">SAC-Wanderskala<\/a>.<\/p>\r\n<h3><strong>Las but not least<br \/><\/strong><\/h3>\r\n<p>Unsere <a href=\"https:\/\/banke.home.at\/wordpress\/2024\/02\/11\/kreuzerlsammlung\/\">Kreuzerlsammlung.<\/a><\/p>\r\n","protected":false},"excerpt":{"rendered":"<p>Neben der Ausr\u00fcstung geh\u00f6rt die Planung einer Wanderung zu den wichtigsten Dingen. Was fr\u00fcher auf Papier gebracht (Wanderkarte und Wanderf\u00fchrer) eine wertvolle Hilfe war, wird heute meist durchs Internet und Navigationsger\u00e4te ersetzt. Wirklicher Ersatz ist es nicht, aber durchaus eine n\u00fctzliche Erg\u00e4nzung. Gehzeit So unglaublich es klingt, aber auch die Gehzeit f\u00fcr Wander- und Bergtouren &hellip; <\/p>\n<p class=\"link-more\"><a href=\"https:\/\/banke.home.at\/wordpress\/allerlei\/\" class=\"more-link\"><span class=\"screen-reader-text\">\u201eAllerlei\u201c <\/span>weiterlesen<\/a><\/p>\n","protected":false},"author":5,"featured_media":0,"parent":0,"menu_order":0,"comment_status":"closed","ping_status":"open","template":"","meta":{"footnotes":""},"tags":[],"class_list":["post-2416","page","type-page","status-publish","hentry"],"_links":{"self":[{"href":"https:\/\/banke.home.at\/wordpress\/wp-json\/wp\/v2\/pages\/2416","targetHints":{"allow":["GET"]}}],"collection":[{"href":"https:\/\/banke.home.at\/wordpress\/wp-json\/wp\/v2\/pages"}],"about":[{"href":"https:\/\/banke.home.at\/wordpress\/wp-json\/wp\/v2\/types\/page"}],"author":[{"embeddable":true,"href":"https:\/\/banke.home.at\/wordpress\/wp-json\/wp\/v2\/users\/5"}],"replies":[{"embeddable":true,"href":"https:\/\/banke.home.at\/wordpress\/wp-json\/wp\/v2\/comments?post=2416"}],"version-history":[{"count":4,"href":"https:\/\/banke.home.at\/wordpress\/wp-json\/wp\/v2\/pages\/2416\/revisions"}],"predecessor-version":[{"id":13194,"href":"https:\/\/banke.home.at\/wordpress\/wp-json\/wp\/v2\/pages\/2416\/revisions\/13194"}],"wp:attachment":[{"href":"https:\/\/banke.home.at\/wordpress\/wp-json\/wp\/v2\/media?parent=2416"}],"wp:term":[{"taxonomy":"post_tag","embeddable":true,"href":"https:\/\/banke.home.at\/wordpress\/wp-json\/wp\/v2\/tags?post=2416"}],"curies":[{"name":"wp","href":"https:\/\/api.w.org\/{rel}","templated":true}]}}